 24?
23
Calculate the remainder when 128 is divided by 28.
16
What is the remainder when 129 is divided by 19?
15
What is the remainder when 506 is divided by 8?
2
What is the remainder when 640 is divided by 80?
0
What is the remainder when 440 is divided by 154?
132
Calculate the remainder when 601 is divided by 552.
49
Calculate the remainder when 167 is divided by 2.
1
What is the remainder when 751 is divided by 340?
71
What is the remainder when 600 is divided by 127?
92
What is the remainder when 274 is divided by 11?
10
What is the remainder when 1965 is divided by 651?
12
What is the remainder when 363 is divided by 26?
25
What is the remainder when 3356 is divided by 65?
41
What is the remainder when 864 is divided by 25?
14
What is the remainder when 617 is divided by 31?
28
Calculate the remainder when 42 is divided by 18.
6
What is the remainder when 137 is divided by 88?
49
Calculate the remainder when 4581 is divided by 34.
25
What is the remainder when 617 is divided by 52?
45
Calculate the remainder when 52 is divided by 14.
10
What is the remainder when 930 is divided by 86?
70
Calculate the remainder when 6135 is divided by 66.
63
Calculate the remainder when 56 is divided by 24.
8
Calculate the remainder when 157 is divided by 7.
3
Calculate the remainder when 323 is divided by 7.
1
Calculate the remainder when 50 is divided by 3.
2
Calculate the remainder when 79 is divided by 50.
29
Calculate the remainder when 128 is divided by 6.
2
What is the remainder when 273 is divided by 73?
54
Calculate the remainder when 212 is divided by 26.
4
What is the remainder when 174 is divided by 64?
46
What is the remainder when 4584 is divided by 35?
34
Calculate the remainder when 377 is divided by 40.
17
What is the remainder when 235 is divided by 65?
40
Calculate the remainder when 467 is divided by 10.
7
Calculate the remainder when 1138 is divided by 76.
74
Calculate the remainder when 314 is divided by 79.
77
Calculate the remainder when 1174 is divided by 38.
34
What is the remainder when 145 is divided by 67?
11
Calculate the remainder when 1049 is divided by 4.
1
What is the remainder when 25328 is divided by 34?
32
What is the remainder when 261 is divided by 38?
33
What is the remainder when 123 is divided by 48?
27
What is the remainder when 833 is divided by 38?
35
What is the remainder when 474 is divided by 4?
2
What is the remainder when 29 is divided by 11?
7
What is the remainder when 20843 is divided by 16?
11
Calculate the remainder when 252 is divided by 99.
54
Calculate the remainder when 863 is divided by 16.
15
Calculate the remainder when 165 is divided by 30.
15
What is the remainder when 59 is divided by 18?
5
What is the remainder when 506 is divided by 30?
26
What is the remainder when 629 is divided by 195?
44
Calculate the remainder when 53007 is divided by 62.
59
Calculate the remainder when 31221 is divided by 12.
9
What is the remainder when 311 is divided by 79?
74
What is the remainder when 374 is divided by 72?
14
What is the remainder when 155 is divided by 74?
7
Calculate the remainder when 3075 is divided by 171.
168
What is the remainder when 389 is divided by 49?
46
Calculate the remainder when 601 is divided by 299.
3
What is the remainder when 96 is divided by 34?
28
What is the remainder when 6 is divided by 3?
0
Calculate the remainder when 864 is divided by 90.
54
Calculate the remainder when 406 is divided by 5.
1
What is the remainder when 7118 is divided by 178?
176
What is the remainder when 147 is divided by 53?
41
Calculate the remainder when 468 is divided by 26.
0
Calculate the remainder when 2895 is divided by 8.
7
What is the remainder when 782 is divided by 64?
14
Calculate the remainder when 356 is divided by 30.
26
Calculate the remainder when 300 is divided by 63.
48
Calculate the remainder when 2413 is divided by 160.
13
What is the remainder when 247 is divided by 50?
47
Calculate the remainder when 150 is divided by 54.
42
What is the remainder when 50 is divided by 8?
2
Calculate the remainder when 290 is divided by 59.
54
What is the remainder when 5268 is divided by 170?
168
What is the remainder when 1514 is divided by 47?
10
What is the remainder when 187 is divided by 32?
27
What is the remainder when 219 is divided by 25?
19
What is the remainder when 853 is divided by 105?
13
Calculate the remainder when 2443 is divided by 90.
13
What is the remainder when 1970 is divided by 68?
66
Calculate the remainder when 11000 is divided by 57.
56
What is the remainder when 295 is divided by 10?
5
Calculate the remainder when 655 is divided by 160.
15
Calculate the remainder when 74 is divided by 19.
17
Calculate the remainder when 96 is divided by 27.
15
Calculate the remainder when 91 is divided by 16.
11
Calculate the remainder when 732 is divided by 61.
0
What is the remainder when 37 is divided by 34?
3
Calculate the remainder when 407 is divided by 41.
38
Calculate the remainder when 51 is divided by 19.
13
Calculate the remainder when 780 is divided by 14.
10
Calculate the remainder when 65 is divided by 34.
31
What is the remainder when 245 is divided by 235?
10
What is the remainder when 937 is divided by 226?
33
What is the remainder when 1375 is divided by 86?
85
Calculate the remainder when 7738 is divided by 21.
10
Calculate the remainder when 1747 is divided by 6.
1
What is the remainder when 10 is divided by 7?
3
What is the remainder when 117 is divided by 17?
15
Calculate the remainder when 539 is divided by 172.
23
What is the remainder when 35 is divided by 9?
8
What is the remainder when 307 is divided by 62?
59
Calculate the remainder when 349 is divided by 5.
4
What is the remainder when 722 is divided by 11?
7
Calculate the remainder when 373 is divided by 71.
18
Calculate the remainder when 135 is divided by 71.
64
What is the remainder when 808 is divided by 90?
88
Calculate the remainder when 1227 is divided by 56.
51
What is the remainder when 514 is divided by 58?
50
Calculate the remainder when 460 is divided by 197.
66
Calculate the remainder when 62 is divided by 23.
16
What is the remainder when 1003 is divided by 214?
147
What is the remainder when 326 is divided by 114?
98
What is the remainder when 190 is divided by 5?
0
What is the remainder when 158 is divided by 23?
20
What is the remainder when 2652 is divided by 83?
79
What is the remainder when 215 is divided by 31?
29
What is the remainder when 84 is divided by 27?
3
Calculate the remainder when 71 is divided by 21.
8
Calculate the remainder when 192 is divided by 184.
8
What is the remainder when 112 is divided by 95?
17
Calculate the remainder when 704 is divided by 90.
74
Calculate the remainder when 305 is divided by 154.
151
Calculate the remainder when 2732 is divided by 119.
114
Calculate the remainder when 4152 is divided by 42.
36
Calculate the remainder when 284 is divided by 73.
65
What is the remainder when 1888 is divided by 14?
12
Calculate the remainder when 2377 is divided by 140.
137
What is the remainder when 1084 is divided by 33?
28
Calculate the remainder when 383 is divided by 97.
92
What is the remainder when 448 is divided by 225?
223
Calculate the remainder when 68 is divided by 25.
18
Calculate the remainder when 439 is divided by 63.
61
What is the remainder when 1007 is divided by 101?
98
Calculate the remainder when 756 is divided by 76.
72
What is the remainder when 172 is divided by 16?
12
Calculate the remainder when 1809 is divided by 79.
71
What is the remainder when 142 is divided by 6?
4
What is the remainder when 872 is divided by 46?
44
Calculate the remainder when 7502 is divided by 134.
132
Calculate the remainder when 619 is divided by 145.
39
Calculate the remainder when 652 is divided by 176.
124
What is the remainder when 499 is divided by 97?
14
What is the remainder when 6387 is divided by 18?
15
What is the remainder when 166 is divided by 103?
63
Calculate the remainder when 192 is divided by 110.
82
Calculate the remainder when 572 is divided by 64.
60
Calculate the remainder when 13028 is divided by 157.
154
Calculate the remainder when 163 is divided by 33.
31
What is the remainder when 474 is divided by 12?
6
What is the remain